factors of k?
5
List the prime factors of (-10)/(-15)*33/2.
11
Let o be -2 + (-4 - 4/(-2)). Let h = -5 - o. What are the prime factors of (-6)/12*(h + -37)?
19
Suppose -2*d = -4*y + 2, 2*d - y = -d - 3. Let p(k) = -40*k - 2. What are the prime factors of p(d)?
2, 19
Let f = 128 + -61. List the prime factors of f.
67
Let p = -6 - -8. Let d be 52/6 - p/(-6). List the prime factors of d/3*(-14)/(-6).
7
Let a = -231 + 429. List the prime factors of a.
2, 3, 11
Let p(i) = i**2 - i + 3. Let c be p(0). Let x be 4 + c/(-3) + 1. Suppose -5*q = 5*y - 45, -21 + x = 2*q - 5*y. What are the prime factors of q?
2
Suppose 0 = 5*m - 0*m - 120. Let i(c) = c**3 - 10*c**2 + 8*c + 12. Let y be i(9). Suppose y*g + 0 = m. List the prime factors of g.
2
Suppose -3*s - 13 = -5*g, 0 = -0*s - 5*s + 5*g - 25. What are the prime factors of (13 - -8)*(-4)/s?
2, 7
Let t(n) = -12*n - 6. What are the prime factors of t(-10)?
2, 3, 19
Let w(q) = 2*q**2 + 24*q + 23. Let d(v) = v**2 + 12*v + 12. Let y(b) = -5*d(b) + 2*w(b). What are the prime factors of y(-10)?
2, 3
Suppose -4106 = -14*c + 780. What are the prime factors of c?
349
Let y be (-21)/(-1*(-9)/6). List the prime factors of (y/(-3))/(2/3).
7
Let f(m) = 9*m**2 + 2 - m**2 - 1 + 3*m**2. What are the prime factors of f(-1)?
2, 3
Suppose 120 = 5*w + 4*j - 46, 0 = j + 1. Let i = 78 - w. Suppose 0*h = 4*h - i. List the prime factors of h.
11
Let u(g) = g**2 + 8*g + 2. Let c be u(-6). Let k = c + 12. Suppose b = 2*b - k. What are the prime factors of b?
2
Suppose 0 = -3*b - 0*b + 6. Suppose 0 = b*g - 4, 4*z + 0*g - 48 = -2*g. List the prime factors of z.
11
Let a = -10 - -124. What are the prime factors of a?
2, 3, 19
Let y(u) be the third derivative of -u**4/24 - u**3 + 4*u**2. Let j be y(-10). List the prime factors of (-3)/6*j - -5.
3
Let j be (-1)/5 - 38/10. Let n = j + 7. Suppose 5*y - 30 = 5*a, -y = 4*y + n*a - 70. What are the prime factors of y?
11
Let u = -56 + 212. What are the prime factors of u?
2, 3, 13
Suppose 0 = -5*q - 2 + 12. Suppose -3*i + 98 = -4*z + 2*z, z = q*i - 66. List the prime factors of i.
2, 17
Let x = 3 + -11. Let l(g) = 4*g - 17. Let v(h) = -7*h + 25. Let m(k) = 8*l(k) + 5*v(k). List the prime factors of m(x).
13
List the prime factors of (90/(-4))/(8/(-16)).
3, 5
Suppose 3*u = -2*t + 18, 2*u = -7*t + 2*t + 34. What are the prime factors of 142/t + (-20)/30?
23
Suppose -3*f - 3 - 1 = -d, 4*f + 12 = 3*d. Suppose f = -t - t. What are the prime factors of ((-42)/(-9) + t)*3?
2, 7
Let q(j) be the first derivative of j**3/3 + 9*j**2/2 + 12*j + 4. Let s be q(-8). Suppose -s*z = z - 35. List the prime factors of z.
7
Suppose 0 = 4*c + c - 10. Suppose -c*y = 5*i - 68, 0 = -2*i - 0*i - 4*y + 40. Suppose 0 = -2*x - 4 + i. What are the prime factors of x?
2
Let f = -26 + 39. List the prime factors of f.
13
What are the prime factors of (1 + -1 + 25)*1?
5
Let x(h) = h**2 + 4*h - 9. What are the prime factors of x(-8)?
23
Let p be (3/(-2))/((-2)/(-48)). Let g = p - -50. Suppose -5*q + g = -1. List the prime factors of q.
3
What are the prime factors of -4 + 1 - ((2 - 0) + -307)?
2, 151
Suppose -5*t + 395 = -4*z, -6*t + 420 = -t + z. Suppose 0 = -3*l - t + 194. Suppose -4*o + 7 = -l. What are the prime factors of o?
11
Suppose -5*d + 4 + 41 = 0. Let r be 1/(-6) - (-604)/24. Suppose 4*k = -m + 42, -d = -4*k + 3*m + r. List the prime factors of k.
2, 5
Let s = 32 + -5. What are the prime factors of s?
3
Let g = -174 - -258. Suppose 5*f - g = -4*j, -2*f - 2*j = -j - 36. List the prime factors of f.
2, 5
Let w(g) = g - 10. Let y be w(11). Let z = y + -6. Let f = -2 - z. What are the prime factors of f?
3
Let z = -45 + 143. List the prime factors of z.
2, 7
What are the prime factors of (-3059)/(-105) - 4/30?
29
Let t(x) be the third derivative of 7*x**4/24 + x**3/6 - 9*x**2. List the prime factors of t(4).
29
List the prime factors of 111*(-4)/(-6*2).
37
Suppose -3*s + 3*g = -s - 33, 3*s - 56 = -2*g. Let q = 33 - s. List the prime factors of q.
3, 5
Let g be -1 - (-2 + 6/(-3)). Suppose -2*x + 10 = g*x, 0 = -5*q + 4*x - 18. What are the prime factors of (-3 - 1)/q - -10?
2, 3
Let w be (12/(-8))/((-1)/(-6)). Let v = w + 30. What are the prime factors of v?
3, 7
Let c = -17 - -26. Let d(r) = r + 8. List the prime factors of d(c).
17
Let z(g) = 3*g + 0*g - 2 + g. Let s be (2/(-4))/(7/(-28)). List the prime factors of z(s).
2, 3
Let q = -2 + 4. Suppose f - 3 = -q*i, -3*f - 3 = -0. List the prime factors of i.
2
Let k be (-149)/(-7) - (-8)/(-28). Suppose -k = -u - 2*u. What are the prime factors of u?
7
Let t = 383 - 212. List the prime factors of t.
3, 19
Suppose -5*d - 287 = -1037. List the prime factors of d.
2, 3, 5
Let q = 8 - -3. What are the prime factors of q?
11
Let a = 8 - 20. Let l = a + 20. Let v = 21 - l. What are the prime factors of v?
13
Suppose -4*y - y + 330 = 0. What are the prime factors of y?
2, 3, 11
Suppose -3*y + 8*y = 345. List the prime factors of y.
3, 23
Suppose 2*s - 2 - 6 = 0. Suppose 0 = 4*w - 5*a - 54, s*w - a = w + 35. List the prime factors of w.
11
Let m = 99 - 59. What are the prime factors of m?
2, 5
Suppose -f = f + 16. Let i be f/(-3) + (-1)/(-3). Suppose -4*t + n + 17 = 0, 2*t - n - 10 = -i. What are the prime factors of t?
5
Let b = 7 + -2. List the prime factors of (-25)/(-10)*26/b.
13
Let j = 18 - 13. Let u(o) = 9*o + 5. Let s be u(j). Suppose -s = -5*b - 0. List the prime factors of b.
2, 5
Let p(z) = 9*z + 2. Suppose 5*x = 4*f - 13, -2*f = 3*f + 5*x - 5. List the prime factors of p(f).
2, 5
Let n(f) = 5*f**3 - f**2 - f + 1. Let h be n(1). Let w be (-8)/h + -1 + 0. List the prime factors of 0/(0 - w) - -6.
2, 3
Let s = 185 + 29. What are the prime factors of s?
2, 107
Let g = 39 + -17. What are the prime factors of g?
2, 11
Let v(g) = g**3 - 4*g. Let f be v(5). Suppose -4*n + 68 = c, -5*c + 31 = -3*n + f. List the prime factors of n.
2, 3
Let s(c) = c**2 + 2 - 2 + 20*c + 3 - 9*c. What are the prime factors of s(-11)?
3
List the prime factors of (23/(-69))/(2 - (-566)/(-282)).
47
Let j = -6 - -6. Let m(v) be the third derivative of v**5/60 - v**4/24 + v**3/2 - v**2. List the prime factors of m(j).
3
Let t be -4 + 2/1 - -74. Suppose -5*l = -l - t. What are the prime factors of l?
2, 3
Let j = 19 - 11. List the prime factors of j.
2
Let q(l) = -l**2 + 2*l**2 + l**3 - 9 - 4*l**2 + 2. What are the prime factors of q(5)?
43
What are the prime factors of (-12)/(1 + 3 + -3 + -3)?
2, 3
Let q(x) = x - 2. Let k be q(5). Suppose k*g + 48 = 7*g. What are the prime factors of g?
2, 3
What are the prime factors of 4/(-10) + 1414/35?
2, 5
Suppose 0 = 3*u - p - 143, -197 = -4*u - 5*p - 0*p. What are the prime factors of u?
2, 3
Suppose 0 = -3*t + y + 42 + 162, 3*y = 9. List the prime factors of t.
3, 23
Let o(p) = -2*p - 8. Let t be o(-6). Suppose -7 = t*i + 17. List the prime factors of i/(-2) + (-6)/(-3).
5
Let o be (-2)/(-2)*(-24 + 8). Let a = -1 - o. List the prime factors of a.
3, 5
Let n(b) = -b + 28. Let q be n(0). Suppose -2*m = -10 - q. List the prime factors of m.
19
Let k = -43 + 157. What are the prime factors of k?
2, 3, 19
Let q be (-3)/9*-3 - -1. Suppose 3*j + 38 + 12 = 5*m, q*m = -5*j - 11. List the prime factors of m.
7
Let z be (-125)/(-20) - 1/4. Suppose d = -0 + z. List the prime factors of d.
2, 3
Suppose 0 = -18*u + 13*u + 265. What are the prime factors of u?
53
Let r = 368 - 259. List the prime factors of r.
109
Let t(f) = -f**2 + 14*f + 6. What are the prime factors of t(7)?
5, 11
Let z be (1 - 0)/(2/422). Let f = 26 + z. What are the prime factors of 2/9 - f/(-27)?
3
Let c be (-75)/(-7) - (-12)/42. Let l = c - -9. What are the prime factors of l?
2, 5
Let z(i) = -i. Let a be z(-3). Suppose -a*x + 2*x = -8. Let s = -4 + x. What are the prime factors of s?
2
Let n be (6/2)/1 - -1. Suppose 0 = i + 4*g - 49 - 5, 5*i - 222 = n*g. Suppose 5*m - 9 = i. List the prime factors of m.
11
Suppose -3*w = -w - 3*i - 13, -3 = -2*w + i. Let s = 15 + w. Let d = -11 + s. What are the prime factors of d?
3
What are the prime factors of (4 + 2)/((-2)/(-9))?
3
Let c(y) = 8*y - 11. List the prime factors of c(8).
53
Let b(n) = 23*n + 7. What are the prime factors of b(3)?
2, 19
What are the prime factors of (-4)/(-14) + 9335/35?
3, 89
Let m = 58 - 23. Let y = 51 - m. Let l = y + -4. W